{"id":1107,"date":"2020-03-16T06:55:45","date_gmt":"2020-03-16T06:55:45","guid":{"rendered":"https:\/\/fireflythemes.com\/demo\/versatile-business-pro\/?page_id=7"},"modified":"2021-02-09T14:44:45","modified_gmt":"2021-02-09T14:44:45","slug":"biz-kimiz","status":"publish","type":"page","link":"https:\/\/optimumtoptan.com\/?page_id=1107","title":{"rendered":"Biz Kimiz?"},"content":{"rendered":"\n<p>Uzun y\u0131llard\u0131r ilk temellerini olu\u015fturdu\u011fumuz Optimum Toptan G\u0131da, otel, restoran, kafe, ya\u015fl\u0131 bak\u0131m merkezleri, \u00f6zel ve kamu \u00f6\u011frenci yurtlar\u0131na ev d\u0131\u015f\u0131 t\u00fcketim alan\u0131nda hizmet vermektedir.<\/p>\n\n\n\n<p>M\u0130SYON<\/p>\n\n\n\n<p>Daima optimum fiyatlar ile maliyetlerinizi azaltacak tedarik sistemi. \u00dcreticiden anla\u015fmal\u0131 tedarik sistemi ile hizmet etmekteyiz.<\/p>\n\n\n\n<p>V\u0130ZYON<\/p>\n\n\n\n<p>\u00d6ncelikle ilkemiz m\u00fc\u015fteri memnuniyeti anlay\u0131\u015f\u0131 ile siz de\u011ferli m\u00fc\u015fterilerimizin yan\u0131nday\u0131z.<\/p>\n\n\n\n<p><\/p>\n","protected":false},"excerpt":{"rendered":"<p>Uzun y\u0131llard\u0131r ilk temellerini olu\u015fturdu\u011fumuz Optimum Toptan G\u0131da, otel, restoran, kafe, ya\u015fl\u0131 bak\u0131m merkezleri, \u00f6zel ve kamu \u00f6\u011frenci yurtlar\u0131na ev d\u0131\u015f\u0131 t\u00fcketim alan\u0131nda hizmet vermektedir. M\u0130SYON Daima optimum fiyatlar ile&hellip;<a href=\"https:\/\/optimumtoptan.com\/?page_id=1107\" class=\"more-link\"><span class=\"more-button\">Daha Fazla<span class=\"screen-reader-text\">Biz Kimiz?<\/span><\/span><\/a><\/p>\n","protected":false},"author":1,"featured_media":9,"parent":0,"menu_order":0,"comment_status":"closed","ping_status":"closed","template":"","meta":{"footnotes":""},"class_list":["post-1107","page","type-page","status-publish","has-post-thumbnail","hentry"],"_links":{"self":[{"href":"https:\/\/optimumtoptan.com\/index.php?rest_route=\/wp\/v2\/pages\/1107","targetHints":{"allow":["GET"]}}],"collection":[{"href":"https:\/\/optimumtoptan.com\/index.php?rest_route=\/wp\/v2\/pages"}],"about":[{"href":"https:\/\/optimumtoptan.com\/index.php?rest_route=\/wp\/v2\/types\/page"}],"author":[{"embeddable":true,"href":"https:\/\/optimumtoptan.com\/index.php?rest_route=\/wp\/v2\/users\/1"}],"replies":[{"embeddable":true,"href":"https:\/\/optimumtoptan.com\/index.php?rest_route=%2Fwp%2Fv2%2Fcomments&post=1107"}],"version-history":[{"count":3,"href":"https:\/\/optimumtoptan.com\/index.php?rest_route=\/wp\/v2\/pages\/1107\/revisions"}],"predecessor-version":[{"id":1206,"href":"https:\/\/optimumtoptan.com\/index.php?rest_route=\/wp\/v2\/pages\/1107\/revisions\/1206"}],"wp:featuredmedia":[{"embeddable":true,"href":"https:\/\/optimumtoptan.com\/index.php?rest_route=\/wp\/v2\/media\/9"}],"wp:attachment":[{"href":"https:\/\/optimumtoptan.com\/index.php?rest_route=%2Fwp%2Fv2%2Fmedia&parent=1107"}],"curies":[{"name":"wp","href":"https:\/\/api.w.org\/{rel}","templated":true}]}}