{"id":163,"date":"2020-03-18T16:35:48","date_gmt":"2020-03-18T16:35:48","guid":{"rendered":"https:\/\/fireflythemes.com\/demo\/versatile-dark-free\/?page_id=163"},"modified":"2020-12-16T18:16:21","modified_gmt":"2020-12-16T18:16:21","slug":"we-are-business-solution","status":"publish","type":"page","link":"https:\/\/optimumtoptan.com\/?page_id=163","title":{"rendered":"Toptan G\u0131da Tedari\u011finde \u00d6nc\u00fc"},"content":{"rendered":"\n<p> 2015 Y\u0131l\u0131nda ilk temellerini olu\u015fturdu\u011fumuz Optimum Toptan G\u0131da, otel, restoran, kafe, ya\u015fl\u0131 bak\u0131m merkezleri, \u00f6zel ve kamu \u00f6\u011frenci yurtlar\u0131na ev d\u0131\u015f\u0131 t\u00fcketim alan\u0131nda hizmet vermektedir.<\/p>\n\n\n\n<hr class=\"wp-block-separator\"\/>\n\n\n\n<p class=\"has-large-font-size\">M\u0130SYON<\/p>\n\n\n\n<p>Daima optimum fiyatlar ile maliyetlerinizi azaltacak tedarik sistemi. \u00dcreticiden anla\u015fmal\u0131 tedarik sistemi ile hizmet etmekteyiz.<\/p>\n\n\n\n<p class=\"has-large-font-size\">V\u0130ZYON<\/p>\n\n\n\n<p>\u00d6ncelikle ilkemiz m\u00fc\u015fteri memnuniyeti anlay\u0131\u015f\u0131 ile siz de\u011ferli m\u00fc\u015fterilerimizin yan\u0131nday\u0131z.<\/p>\n","protected":false},"excerpt":{"rendered":"<p>2015 Y\u0131l\u0131nda ilk temellerini olu\u015fturdu\u011fumuz Optimum Toptan G\u0131da, otel, restoran, kafe, ya\u015fl\u0131 bak\u0131m merkezleri, \u00f6zel ve kamu \u00f6\u011frenci yurtlar\u0131na ev d\u0131\u015f\u0131 t\u00fcketim alan\u0131nda hizmet vermektedir. M\u0130SYON Daima optimum fiyatlar ile&hellip;<a href=\"https:\/\/optimumtoptan.com\/?page_id=163\" class=\"more-link\"><span class=\"more-button\">Daha Fazla<span class=\"screen-reader-text\">Toptan G\u0131da Tedari\u011finde \u00d6nc\u00fc<\/span><\/span><\/a><\/p>\n","protected":false},"author":1,"featured_media":21,"parent":0,"menu_order":0,"comment_status":"closed","ping_status":"closed","template":"","meta":{"footnotes":""},"class_list":["post-163","page","type-page","status-publish","has-post-thumbnail","hentry"],"_links":{"self":[{"href":"https:\/\/optimumtoptan.com\/index.php?rest_route=\/wp\/v2\/pages\/163","targetHints":{"allow":["GET"]}}],"collection":[{"href":"https:\/\/optimumtoptan.com\/index.php?rest_route=\/wp\/v2\/pages"}],"about":[{"href":"https:\/\/optimumtoptan.com\/index.php?rest_route=\/wp\/v2\/types\/page"}],"author":[{"embeddable":true,"href":"https:\/\/optimumtoptan.com\/index.php?rest_route=\/wp\/v2\/users\/1"}],"replies":[{"embeddable":true,"href":"https:\/\/optimumtoptan.com\/index.php?rest_route=%2Fwp%2Fv2%2Fcomments&post=163"}],"version-history":[{"count":2,"href":"https:\/\/optimumtoptan.com\/index.php?rest_route=\/wp\/v2\/pages\/163\/revisions"}],"predecessor-version":[{"id":1127,"href":"https:\/\/optimumtoptan.com\/index.php?rest_route=\/wp\/v2\/pages\/163\/revisions\/1127"}],"wp:featuredmedia":[{"embeddable":true,"href":"https:\/\/optimumtoptan.com\/index.php?rest_route=\/wp\/v2\/media\/21"}],"wp:attachment":[{"href":"https:\/\/optimumtoptan.com\/index.php?rest_route=%2Fwp%2Fv2%2Fmedia&parent=163"}],"curies":[{"name":"wp","href":"https:\/\/api.w.org\/{rel}","templated":true}]}}